u be m(0). Let x(t) = t**3 + 2*t - 90. Give x(u).
-90
Suppose -7*x = 566 + 4348. Let v = 704 + x. Let w(i) = 4*i - 2. Let r(f) = 4*f - 2. Let t(b) = 3*r(b) - 4*w(b). What is t(v)?
-6
Suppose -24*c = -19*c + 1420. Let d = c - -281. Let w(a) = 4*a**2 + 3*a - 4. Give w(d).
23
Let l(f) = -2*f**2 + 24*f - 29. Let u be 6 + 1 + (241 - 238). Determine l(u).
11
Let l(g) = -16*g + 105 - 15*g + 2*g + 20*g - 9*g. Give l(10).
-75
Let m(o) = 4*o - 5. Let s be (-66)/(-429) + (-141)/(-13). What is m(s)?
39
Let y(v) = -28*v + 76. Suppose -5*u = 15, 568*u - 567*u = -4*m + 9. Calculate y(m).
-8
Let w(t) = t**2 + t + 2. Let c(v) = -8*v**2 - 12*v - 20. Let g(x) = 2*c(x) + 18*w(x). Let z = 1984 - 1981. What is g(z)?
-4
Let o be (-35)/(-3) + 81/243. Let n(q) = 20*q - 3 - o*q - 7*q. Let h = -7 - -7. Determine n(h).
-3
Let q(n) = -n**2 - 25*n + 3 - 15 + 34*n. Suppose -5*i + m + 36 = 0, 5*i - 5*m - 6 = 14. Suppose -7*f = -6*f - i. Calculate q(f).
-4
Let b(w) be the third derivative of -w**5/60 - w**4/4 - 17*w**3/6 + 1700*w**2. Calculate b(0).
-17
Let t(z) = -z**3 + z - 98. Let d(a) = -42*a + 210. Let l be d(5). Give t(l).
-98
Let v be (-6)/4 - (17 + (-289)/34). Let d(i) = i**3 + 5*i**2 - 45*i + 34. Give d(v).
-16
Let t(u) = -6*u - 2. Suppose 8*z = -3085 - 2059. Let o = -641 - z. Give t(o).
-14
Suppose -n + 2*o = -12, -o - 1 = -2. Let t(r) = r**3 - 13*r**2 - 15*r + 7. Calculate t(n).
-7
Let s(x) = -6*x. Let u(a) = -a**3 + 10*a**2 + 9*a + 25. Let o be u(11). Suppose 0 = -5*f + 13 - o. What is s(f)?
-12
Let y = 10 + -17. Let k = -324 - -320. Let u(g) = 9*g + 28. Let s(o) = -5*o - 14. Let i(l) = k*u(l) + y*s(l). Determine i(-8).
-6
Let l(i) = i + 1. Let s(v) = -4*v - 5. Let x(u) = 6*l(u) + s(u). Let m(p) = 2*p**2 + 39*p + 48. Let h be m(-22). Let z = -159 + h. Calculate x(z).
-1
Suppose -8*u + 6*u - 6 = 5*y, 3*y - 2 = -4*u. Let o be 4 + -3*(-6)/(-9). Let d(n) = -1 + 5*n**2 - o*n - 4*n**2 + 4. Calculate d(u).
3
Let j(s) = 4*s + 17. Suppose 0 = -6*m + 24. Suppose -m*q - 1311 + 1291 = 0. What is j(q)?
-3
Let j(m) be the third derivative of -m**6/120 + m**5/4 + m**4/12 + m**3/2 + 966*m**2. Determine j(15).
33
Let g(o) = 23*o**3 + 15 - 16*o**3 - 14*o**3 - o + 5*o**3 + 38*o**2. Give g(19).
-4
Suppose 2*o - 5*b - 470 = 0, 5*o - 1349 + 145 = -2*b. Let i be (-20)/6*o/100. Let m(v) = v + 6. Let j be m(i). Let z(p) = p**3 + p**2 - 2*p - 3. Calculate z(j).
-3
Let s(o) = -7*o**2 - 35*o - 11. Let c be s(-5). Let n(z) be the second derivative of -z**3/6 - 3*z**2 + 10*z. Give n(c).
5
Let l(f) = 5*f**2 - 1. Let n(j) = j**2 + 51*j + 186. Let p be n(-47). Give l(p).
19
Let y(g) = g**2 - 3*g. Suppose 45*j - 9 = 36*j. Suppose 0 = 12*p - 11 - j. Give y(p).
-2
Let g(v) = -32*v - 11 + 9*v + 12*v + 2*v + 12*v. Calculate g(-9).
-38
Let q(l) be the second derivative of l**4/12 + l**3/3 + l**2/2 - 4*l. Let y(n) = n**3 + 11*n**2 - 41*n + 11. Let r be y(-14). Determine q(r).
4
Let p(k) = k**2 - 5*k - 10. Let r be (-125)/150 + 14/(-12). Determine p(r).
4
Let l(o) be the second derivative of -o**4/6 - 8*o**3/3 - 11*o**2 - o - 525. Determine l(-6).
2
Let t = 72 - 70. Let z be 2 + 2/4*t. Let h(o) = o**3 + o**2 + o. Let n(s) = -5*s**3 - 5*s - 3. Let q(u) = -4*h(u) - n(u). Determine q(z).
-3
Let z(g) = -6*g - 4. Suppose -1 = 3*h - 13. Let s(j) = -13*j - 8. Suppose 14*k = -8 - 118. Let a(t) = h*s(t) + k*z(t). Determine a(-3).
-2
Let s(p) be the first derivative of -p**3/3 + p**2 + p - 44667. Let r be 4/3*(-3)/(-2). Determine s(r).
1
Suppose 25*r = -8*r + 2*r + 217. Let j(u) = 31*u**2 - 216*u + 8. Determine j(r).
15
Let c be 80/(-120) - 20/(-3). Suppose 0 = -2*u - j - 7, 3*j = 3*u - j - c. Let k(s) = 16*s. Give k(u).
-32
Suppose -92 = 3*f + b - 417, f - 3*b - 115 = 0. Let s(n) = 0*n**2 - n**2 - f*n**3 + 3*n - 1 + 108*n**3. Let p be (-1 + (-1)/(-2))*-4. Calculate s(p).
-7
Let b(i) = -i**2 + 5*i + 154. Let n be b(-9). Let q(j) = 2 - 3 - 2667*j + 2666*j - n*j**3. Determine q(-1).
28
Let o be 4/(-30) - 4*10/(-1500)*5. Let f(j) = 2*j**2 - 2*j + 6. What is f(o)?
6
Let s be 15/(-25) + (-6)/15. Let g(z) = -10*z + 4. Let f(y) = 1 - 17 + 10*y + 5 + 6. Let r(q) = 4*f(q) + 5*g(q). Calculate r(s).
10
Let x(k) = -6*k**2 - 9*k - 5. Let a(v) = -v**2 - v - 1. Let b(u) = -18*a(u) + 2*x(u). Let s(l) be the first derivative of b(l). What is s(1)?
12
Suppose 584*j - 599*j = 0. Let f(q) be the second derivative of q**3/6 - 7*q**2/2 - q. Determine f(j).
-7
Let h(c) = -8959*c - 3*c**2 - 8956*c - 9 + 17920*c. Determine h(3).
-21
Let n(r) be the third derivative of 1/60*r**5 + 0 + 1/4*r**4 - 1/3*r**3 + 0*r + r**2. Let k be (-9 - 80) + 51 - -33. Calculate n(k).
-7
Let m(a) = 5*a**3 - 6*a**3 + 4*a + 2 - 7266*a**2 + 7270*a**2. Suppose -4*v + 22 = 3*d, 5*v - 9*d = -12*d + 26. Calculate m(v).
18
Suppose -2*j - 3*j - 65 = 0. Let u be (-10)/65 + (-80)/j. Let p(c) = 188 + 200 - 385 - 2*c. Give p(u).
-9
Let v(t) = -t**2 + 6*t - 5. Let u = 49 - 93. Let s be (u/(-55))/(1/5). Determine v(s).
3
Let b = 35652 - 35637. Let g(p) = 5*p - 69. Give g(b).
6
Let y be 0 + ((-18)/(-45) - (-8)/5). Suppose -f - y*c + 2 = 0, 4*f - 22 = 3*c - 3. Let o(z) = -z**3 + 4*z**2 - 3*z. Determine o(f).
-12
Suppose -27*x + 37*x - 3 + 83 = 0. Let u(d) = -96*d - 762. Determine u(x).
6
Let p(q) = -q + 14. Let r(x) = 27*x**3 - 10*x**2 - x - 1. Let s be r(1). Give p(s).
-1
Let j(z) be the third derivative of -1/120*z**6 - 5/6*z**3 - 1/8*z**4 + 7/60*z**5 + 0 + 6*z + 12*z**2. What is j(4)?
31
Suppose 3*w - 26 = 2*q, -5*w - q + 18 = 2*q. Let y(t) be the third derivative of -t**5/60 + t**4/3 + t**3/6 - 54*t**2 - t. Calculate y(w).
13
Let m(x) = -4 + 1 + 246793*x - 246792*x. Suppose 3*v + 20 = -v. Determine m(v).
-8
Let f(r) = r**3 - r**2 - 2*r + 2. Let c(o) = 6*o**2 + 63*o + 14*o**2 + 19*o**2 - o**3 - 29 - 10*o**2. Let k be c(31). Determine f(k).
2
Let m(t) = -t**2 + 14*t - 152. Let c(n) = 3*n**2 - 28*n + 305. Let a(v) = 2*c(v) + 5*m(v). Let j(d) be the first derivative of a(d). Calculate j(-8).
-2
Suppose 3*d = 10*d - 7. Let c be -2 + (-1)/d - (-17 - -13). Let v(t) be the second derivative of -7*t**5/20 + t**3/6 - t. Calculate v(c).
-6
Let t(j) = 2*j - 2*j**2 - 8*j**3 - 6*j**3 + 26*j**3 - 2 - 11*j**3. Determine t(2).
2
Let d(j) be the second derivative of -j**4/12 + 2*j**3/3 + j**2 - 15*j + 2. Let p = -15 + 22. What is d(p)?
-19
Let o(x) = -41*x**3 - 54*x**2 + 9*x - 334. Let z(c) = 11*c**3 + 14*c**2 - 2*c + 89. Let j(t) = -4*o(t) - 15*z(t). Let s be 1*(-2 - (-7 - -1)). Determine j(s).
9
Let w(v) = -v**2 + 744 + 3*v + 0*v**2 - 13*v + 18*v - 731. Let p(z) = -2*z. Suppose 3*r - 2*y + 9 = 0, -y + 4 - 2 = -r. Let l be p(r). Calculate w(l).
-7
Let y(t) = 5*t + 5. Let z(m) = -m. Let g(j) = -y(j) - 4*z(j). Let l = 59 + -57. Suppose -2*k = -3*k + 2, l*u + 4*k + 2 = 0. Give g(u).
0
Let f(j) = -j**3 + 6*j**2 + j - 6. Let a(x) = 13*x - 6*x - 16 - 6*x. Let m be a(20). Suppose -3*y + r + 19 = 0, 0*y + m*r + 28 = 4*y. What is f(y)?
0
Suppose -2*p = -3*v + 43, -7*p + 3*v - 89 = 24. Let n(m) = 12*m + 168. Give n(p).
0
Let i(b) be the second derivative of -b**5/20 + b**4 + 7*b**3/3 - 9*b**2/2 - 18728*b. Let o(v) = 14*v**3 - 2*v**2 + 2*v - 1. Let l be o(1). Calculate i(l).
4
Let f(t) be the third derivative of t**4/8 + 2*t**3/3 + 14*t**2 - 135*t - 2. Let r = -6 + 9. Calculate f(r).
13
Let b = 9457 - 9461. Let x(y) = -4*y - 6. Calculate x(b).
10
Let v be -11 + (-238)/(-28) + (-42)/4. Let f(z) be the third derivative of z**5/60 + 5*z**4/8 + 5*z**3/3 + z**2. Calculate f(v).
-16
Let c be 0 - -2 - (-18)/3. Suppose -4*w = -4*s + c, -4*w + 0*s + s = 2. Let v(d) = 2*d - 8 + d + w*d + 7. What is v(2)?
5
Suppose -62 + 62 = -161*o. Let h(x) be the first derivative of -9 + o*x - 1/2*x**2. Give h(-4).
4
Let y(p) = -264*p + 156. Let k(v) = -92*v + 53. Let l(x) = -14*k(x) + 5*y(x). Give l(4).
-90
Let o = 11746 + -11764. Let v(t) = t**3 + 18*t**2 + 2*t + 49. Determine v(o).
13
Suppose 188 = -14*h + 34. Let i(t) be the third derivative of t**6/120 + 11*t**5/60 + t**4/24 + t**3 + 2*t**2. Give i(h).
-5
Suppose 147454*x - 147370*x = -168. Let o(s) = 0*s + 2*s + s + 10*s**2 + 1. Give o(x).
35
Suppose w = -3*k + 13, w + 22 = k + 3*k. Let t(v) be the first derivative of 4*v**3/3 - 26*v + 7. Let o(a) be the first derivative of t(a). Calculate o(w).
-16
Let p(d) = 3*d**3 + 10*d**2 - 12*d + 0*d**3 - 2*d**3. Let r = 319